en h is divided by (-2)/(3/(138/(-4)))?
14
Let z = 123 - 118. Suppose -z*r + 124 + 161 = 0. Suppose 0 = -2*y + 3*y - 12. Calculate the remainder when r is divided by y.
9
Calculate the remainder when -1*1/(-11) + (0 - (-433716)/33) is divided by 21.
18
Let k = -30397 - -30442. What is the remainder when k is divided by 13 - 2*(-2)/(-2)?
1
Let k(w) = -19*w**2 - 14*w - 6. Let p(g) = 57*g**2 + 43*g + 18. Let s(b) = 17*k(b) + 6*p(b). What is the remainder when s(-3) is divided by 39?
0
Let h(w) = -3*w**3 - 25*w**2 + 17*w + 78. Calculate the remainder when h(-11) is divided by 96.
91
Let y(l) = 125 - 9*l**2 - 29*l - 100 - 5*l + l**3. Calculate the remainder when 94 is divided by y(12).
45
Let d = -16402 + 18981. What is the remainder when d is divided by 123?
119
Suppose 3*r = -2*h + 119, 2*h - 546 + 399 = r. What is the remainder when 199 is divided by h?
59
Let b(s) = -s**3 - 6*s**2 + 62*s + 281. Let p be ((-1)/(-1))/(-1) + -1. Let h = 3 + p. What is the remainder when h is divided by b(-4)?
0
Suppose -2*m + 302 = -0*m - 4*k, -3*k = 15. Suppose m = 3*o - 39. Calculate the remainder when 116 is divided by o.
56
Suppose -10135 = -154*z - 1203. What is the remainder when z is divided by 6?
4
What is the remainder when (-103888)/(-80) - (-14)/35 is divided by 23?
11
Let m be (20/2)/(2/(-2)). Suppose -272 = -5*r + 143. What is the remainder when r is divided by 68/m*(-1)/(4/10)?
15
Let b(g) = -2*g + 1. Suppose 0*i - 3*i = 4*r - 194, i + 152 = 3*r. Suppose 52*h - r*h - 20 = 0. Calculate the remainder when h is divided by b(-3).
3
Suppose 2*t + 5090 = 3*a, -3*a - 5*t + 5421 = 296. What is the remainder when a is divided by 13?
10
Let g = 26 + 44. Let j = 730 + -707. Calculate the remainder when g is divided by j.
1
Let s(t) = t + 3. Let u(o) = 2*o + 5. Let y(a) = -5*s(a) + 2*u(a). Let p be y(-3). What is the remainder when 28 - (-1 - 2/p) is divided by 10?
8
Let k be (-3)/9 - ((-1320)/18 - 3). Suppose 0 = 3*m - 5*m + k. Calculate the remainder when 263 is divided by m.
35
Suppose -2*v + 73 = g - 5*v, v - 209 = -3*g. Let j(h) = -h + 8. Let s be j(8). Suppose s = 3*a - 8*a + g. Calculate the remainder when 49 is divided by a.
7
Suppose h + 3*h = 24. Suppose -102802 + 22440 = -108*t + 24938. Suppose -9*m + h*m + 4*c = -574, -3*c = -5*m + t. What is the remainder when m is divided by 25?
23
Let s(k) = -6*k**3 + 1. Suppose -t - 32 = -43. Suppose t*q + 10*q = 966. What is the remainder when q is divided by s(-1)?
4
Suppose -5*j = -5*v - 140, 24 + 30 = -2*v + 4*j. Let s(f) = 2*f + 102. Calculate the remainder when s(v) is divided by 12.
8
Suppose 3*f - 729 = 3*f - 9*f. What is the remainder when 285 is divided by f?
42
Let q = -14 - -14. Suppose -45 = -q*n - 3*n. Calculate the remainder when 2*(-1 - -4) - (105 + -141) is divided by n.
12
Suppose -259*y + 74 = -257*y. Suppose -y = -22*w + 21*w. Calculate the remainder when 104 is divided by w.
30
Suppose 18*n - 2842 = -2806. What is the remainder when 1417 is divided by n?
1
What is the remainder when 385/(-1925) + (-31)/20 - (-2531)/4 is divided by 145?
51
Suppose 4*x = -5*k + 112, -27 = -3*x + 2*x - k. Suppose 146*b - 144*b = f - 12, -2*f - 5*b + 33 = 0. What is the remainder when x is divided by f?
9
Let g be (-10)/(3/(-6) - -1). Let u = 13 + -29. What is the remainder when 11 is divided by (2 - u/(-20))/((-8)/g)?
2
Let z(w) = 10*w + 24. Let i be z(-3). Let v = i - -11. Calculate the remainder when (33/3 - -2)*1 is divided by v.
3
Let i(c) be the first derivative of -13*c**2/2 - 96*c + 99. Calculate the remainder when i(-19) is divided by 44.
19
Let f = -570 - -332. Let u = f - -278. What is the remainder when 154 is divided by u?
34
Let q be (-154)/(-2) + (18 - (-4 + 16)). Let m = q + 75. What is the remainder when m is divided by 20?
18
Suppose 10*h - 120 = 5*h. Let b be -8 - ((-16)/8 - -48). Let x = b + 63. Calculate the remainder when h is divided by x.
6
Let c = -397 - -447. Suppose -5*p + 14 + 11 = 3*m, c = 2*m - 5*p. Calculate the remainder when 38 is divided by m.
8
Suppose -2*q + 299 = -j, 4*q - 2*j - j - 595 = 0. Suppose 5*t + 16 = -4. What is the remainder when q is divided by 51 - (t + 0 + (-4)/(-1))?
49
Suppose -11*j + 90 = -504. Suppose -j*o + 65*o - 44 = 0. What is the remainder when 22 is divided by o?
2
Suppose 623*h + r = 620*h + 5025, 3*h + 3*r = 5037. What is the remainder when h is divided by 3?
2
Suppose 253 = x + 2*u + 94, u - 5 = 0. What is the remainder when x is divided by 20?
9
Let g(i) = i**3 + i**2 + 29*i + 11. Let a be g(12). What is the remainder when (-1)/3 - a/(-69) is divided by 15?
2
Suppose 0 = 8*r - 7*r + 4*b - 2, 5*b + 99 = 6*r. Suppose 48 = 3*l + q, 39 = 2*l + 2*q + q. What is the remainder when l is divided by r?
1
Suppose 2104*f - 2108*f + 24 = 0. What is the remainder when 9347 is divided by f?
5
Suppose -2*q - 2*q = 0, -5*k + 4*q + 49 = 34. Let l(a) = a**3 + 4*a**2 - 3*a + 5. Let w be l(-5). Let t = 5 - w. Calculate the remainder when t is divided by k.
1
Let d(t) = t**3 - 3*t**2 + 6*t - 21. Let b be d(5). Calculate the remainder when (98/21)/7*b*3 is divided by 7.
6
Let f = -85 - -86. Let r(g) = -f - 2 - 321*g + 322*g. Calculate the remainder when 10 is divided by r(8).
0
Let s = -57 - -61. Suppose -2*b + s*c + 32 = 0, -3*b + 60 = -0*b - 3*c. What is the remainder when b is divided by 18?
6
Calculate the remainder when (3417 - 4) + -1 + -3 + -3 is divided by 213.
211
Suppose 2*u - 232 = -2*t + 6*u, 3*t = -2*u + 332. Calculate the remainder when 1340 is divided by t.
108
Suppose 48 = -2*i + 6*i. Suppose 0 = 24*a - 317 - 235. Calculate the remainder when a is divided by i.
11
Let i = -3279 - -3921. What is the remainder when i is divided by 73?
58
Let o(n) = 358*n**2 + 75*n + 77. What is the remainder when o(-1) is divided by 122?
116
Let i(h) = -h**3 - 2*h**2 + 9*h - 14. Let u be (-4)/(-10) - (-27)/(-5). Suppose -4*w + 30 = -6. Calculate the remainder when i(u) is divided by w.
7
Suppose 5*v + t - 7 = 4*v, 0 = -v + 3*t + 3. Suppose -d - 12 = 5*k, 3*d - 4*k - 7 = 4*d. What is the remainder when d is divided by v?
1
Let s(x) = -8*x - 166. Let k be s(-11). What is the remainder when 86 is divided by k/(-2) + 65 + -67?
12
Suppose 62 = -4*k - 2*t + 230, 92 = 2*k - 3*t. Calculate the remainder when (-1 + 3)/(7/(3549/6)) is divided by k.
40
Let w be (-45)/((-33)/9 + 4). Let t = w - -191. Calculate the remainder when t is divided by 9.
2
Let q = 66 - 66. Let z be (3 - q)*-1*-3. Suppose -z*j + 13*j - 64 = 0. What is the remainder when 77 is divided by j?
13
Let z(w) = -36*w**3 - 63*w**2 - 4*w + 2. What is the remainder when 1408 is divided by z(-2)?
28
Let z be 1389/9*3 + 12/(-4). Suppose -z = -3*d - 2*r, 9*d - 4*d - r - 758 = 0. Calculate the remainder when d is divided by 22.
20
Calculate the remainder when 100 is divided by (-1 - 3895/(-50)) + ((-164)/(-40) - 4).
23
Let v(a) be the second derivative of -5*a**3/6 - 45*a**2/2 + 17*a + 3. What is the remainder when 93 is divided by v(-13)?
13
Let v = 2174 + -2123. Calculate the remainder when v is divided by (-14)/((-12)/(-7) + -2).
2
Let o = 49 - 47. Let q be ((-3 + o)/(-1))/(3/(-9)). Let t(a) = -a**3 - 2*a + 4. Calculate the remainder when t(q) is divided by 10.
7
Suppose 0 = 2*w - 3*w + 26. Suppose -q + 10 = -t, -w + 10 = -q + 3*t. Let d = 10405 - 10309. What is the remainder when d is divided by q?
5
Calculate the remainder when (-30)/225 - (-80018)/60 - 3/(-6) is divided by 71.
56
Suppose 8*p = 1216 + 744. Suppose -3*h - 2*h = -p. Let i(u) = u**2 - 15*u - 41. What is the remainder when h is divided by i(18)?
10
Suppose 23872*t + 17264 = 23976*t. Calculate the remainder when t is divided by 2*(-6)/4*-14.
40
Let l be (1/3)/(-1 - 115/(-114)). Suppose l = 5*m - 2. Suppose -2*z - m = -44. Calculate the remainder when z is divided by 4.
2
Let o(p) = -p**3 + 22*p**2 + 27*p - 13. Suppose -8*c = -14*c + 138. Calculate the remainder when o(c) is divided by 20.
19
Let c be (114/(-21))/(4/(-28)*1). Calculate the remainder when c + ((-3)/(-4))/(87/232) is divided by 34.
6
Suppose 21*k - 9327 - 1656 = 0. Calculate the remainder when k is divided by 214.
95
Let u(g) = -8 + 9*g**2 - 5 - 8*g + 4*g + 27*g**3 - 26*g**3. Suppose 2*h = 3*f - 261, -f + 2*f + 5*h = 87. Calculate the remainder when f is divided by u(-9).
18
Let f(w) = -42